{"id":2047,"date":"2023-07-06T07:39:35","date_gmt":"2023-07-06T10:39:35","guid":{"rendered":"http:\/\/fabricadescripts.com.br\/igrejas\/IGRE3535\/?page_id=2047"},"modified":"2025-12-26T09:16:50","modified_gmt":"2025-12-26T12:16:50","slug":"biblia-online","status":"publish","type":"page","link":"https:\/\/fabricadescripts.com.br\/igrejas\/IGRE3535\/biblia-online\/","title":{"rendered":"B\u00edblia Online"},"content":{"rendered":"\t\t<div data-elementor-type=\"wp-page\" data-elementor-id=\"2047\" class=\"elementor elementor-2047\" data-elementor-post-type=\"page\">\n\t\t\t\t<div class=\"elementor-element elementor-element-776eb68 e-flex e-con-boxed wpr-particle-no wpr-jarallax-no wpr-parallax-no wpr-sticky-section-no e-con e-parent\" data-id=\"776eb68\" data-element_type=\"container\" data-settings=\"{&quot;ekit_has_onepagescroll_dot&quot;:&quot;yes&quot;}\">\n\t\t\t\t\t<div class=\"e-con-inner\">\n\t\t\t\t<div class=\"elementor-element elementor-element-d3cb5e6 elementor-widget elementor-widget-shortcode\" data-id=\"d3cb5e6\" data-element_type=\"widget\" data-settings=\"{&quot;ekit_we_effect_on&quot;:&quot;none&quot;}\" data-widget_type=\"shortcode.default\">\n\t\t\t\t<div class=\"elementor-widget-container\">\n\t\t\t\t\t\t\t<div class=\"elementor-shortcode\"><div class=\"biblia-online-interface\" style=\"\n        --bovp-accent: #1e40af;\n        --bovp-accent-light: #1e40afaa;\n        --bovp-text: #0f172a;\n        --bovp-surface: #ffffff;\n        --bovp-surface-menu: #f8fafc;\n    \"><div class=\"biblia-layout\" id=\"biblia-layout\"><button class=\"biblia-toggle-menu\" aria-label=\"Alternar menu da B\u00edblia\" onclick=\"toggleBibliaMenu()\"><\/button><div class=\"biblia-menu\"><div class=\"biblia-testamento\"><div class=\"biblia-testamento-titulo\">ANTIGO TESTAMENTO<\/div><ul class=\"biblia-livros-lista active\"><li><a href=\"?livro=1&#038;cap=1\" class=\" active\">G\u00eanesis<\/a><\/li><li><a href=\"?livro=2&#038;cap=1\" class=\"\">\u00caxodo<\/a><\/li><li><a href=\"?livro=3&#038;cap=1\" class=\"\">Lev\u00edtico<\/a><\/li><li><a href=\"?livro=4&#038;cap=1\" class=\"\">N\u00fameros<\/a><\/li><li><a href=\"?livro=5&#038;cap=1\" class=\"\">Deuteron\u00f4mio<\/a><\/li><li><a href=\"?livro=6&#038;cap=1\" class=\"\">Josu\u00e9<\/a><\/li><li><a href=\"?livro=7&#038;cap=1\" class=\"\">Ju\u00edzes<\/a><\/li><li><a href=\"?livro=8&#038;cap=1\" class=\"\">Rute<\/a><\/li><li><a href=\"?livro=9&#038;cap=1\" class=\"\">1 Samuel<\/a><\/li><li><a href=\"?livro=10&#038;cap=1\" class=\"\">2 Samuel<\/a><\/li><li><a href=\"?livro=11&#038;cap=1\" class=\"\">1 Reis<\/a><\/li><li><a href=\"?livro=12&#038;cap=1\" class=\"\">2 Reis<\/a><\/li><li><a href=\"?livro=13&#038;cap=1\" class=\"\">1 Cr\u00f4nicas<\/a><\/li><li><a href=\"?livro=14&#038;cap=1\" class=\"\">2 Cr\u00f4nicas<\/a><\/li><li><a href=\"?livro=15&#038;cap=1\" class=\"\">Esdras<\/a><\/li><li><a href=\"?livro=16&#038;cap=1\" class=\"\">Neemias<\/a><\/li><li><a href=\"?livro=17&#038;cap=1\" class=\"\">Ester<\/a><\/li><li><a href=\"?livro=18&#038;cap=1\" class=\"\">J\u00f3<\/a><\/li><li><a href=\"?livro=19&#038;cap=1\" class=\"\">Salmos<\/a><\/li><li><a href=\"?livro=20&#038;cap=1\" class=\"\">Prov\u00e9rbios<\/a><\/li><li><a href=\"?livro=21&#038;cap=1\" class=\"\">Eclesiastes<\/a><\/li><li><a href=\"?livro=22&#038;cap=1\" class=\"\">Cantares<\/a><\/li><li><a href=\"?livro=23&#038;cap=1\" class=\"\">Isa\u00edas<\/a><\/li><li><a href=\"?livro=24&#038;cap=1\" class=\"\">Jeremias<\/a><\/li><li><a href=\"?livro=25&#038;cap=1\" class=\"\">Lamenta\u00e7\u00f5es<\/a><\/li><li><a href=\"?livro=26&#038;cap=1\" class=\"\">Ezequiel<\/a><\/li><li><a href=\"?livro=27&#038;cap=1\" class=\"\">Daniel<\/a><\/li><li><a href=\"?livro=28&#038;cap=1\" class=\"\">Os\u00e9ias<\/a><\/li><li><a href=\"?livro=29&#038;cap=1\" class=\"\">Joel<\/a><\/li><li><a href=\"?livro=30&#038;cap=1\" class=\"\">Am\u00f3s<\/a><\/li><li><a href=\"?livro=31&#038;cap=1\" class=\"\">Obadias<\/a><\/li><li><a href=\"?livro=32&#038;cap=1\" class=\"\">Jonas<\/a><\/li><li><a href=\"?livro=33&#038;cap=1\" class=\"\">Miqu\u00e9ias<\/a><\/li><li><a href=\"?livro=34&#038;cap=1\" class=\"\">Naum<\/a><\/li><li><a href=\"?livro=35&#038;cap=1\" class=\"\">Habacuque<\/a><\/li><li><a href=\"?livro=36&#038;cap=1\" class=\"\">Sofonias<\/a><\/li><li><a href=\"?livro=37&#038;cap=1\" class=\"\">Ageu<\/a><\/li><li><a href=\"?livro=38&#038;cap=1\" class=\"\">Zacarias<\/a><\/li><li><a href=\"?livro=39&#038;cap=1\" class=\"\">Malaquias<\/a><\/li><\/ul><\/div><div class=\"biblia-testamento\"><div class=\"biblia-testamento-titulo\">NOVO TESTAMENTO<\/div><ul class=\"biblia-livros-lista\"><li><a href=\"?livro=40&#038;cap=1\" class=\"\">Mateus<\/a><\/li><li><a href=\"?livro=41&#038;cap=1\" class=\"\">Marcos<\/a><\/li><li><a href=\"?livro=42&#038;cap=1\" class=\"\">Lucas<\/a><\/li><li><a href=\"?livro=43&#038;cap=1\" class=\"\">Jo\u00e3o<\/a><\/li><li><a href=\"?livro=44&#038;cap=1\" class=\"\">Atos<\/a><\/li><li><a href=\"?livro=45&#038;cap=1\" class=\"\">Romanos<\/a><\/li><li><a href=\"?livro=46&#038;cap=1\" class=\"\">1 Cor\u00edntios<\/a><\/li><li><a href=\"?livro=47&#038;cap=1\" class=\"\">2 Cor\u00edntios<\/a><\/li><li><a href=\"?livro=48&#038;cap=1\" class=\"\">G\u00e1latas<\/a><\/li><li><a href=\"?livro=49&#038;cap=1\" class=\"\">Ef\u00e9sios<\/a><\/li><li><a href=\"?livro=50&#038;cap=1\" class=\"\">Filipenses<\/a><\/li><li><a href=\"?livro=51&#038;cap=1\" class=\"\">Colossenses<\/a><\/li><li><a href=\"?livro=52&#038;cap=1\" class=\"\">1 Tessalonicenses<\/a><\/li><li><a href=\"?livro=53&#038;cap=1\" class=\"\">2 Tessalonicenses<\/a><\/li><li><a href=\"?livro=54&#038;cap=1\" class=\"\">1 Tim\u00f3teo<\/a><\/li><li><a href=\"?livro=55&#038;cap=1\" class=\"\">2 Tim\u00f3teo<\/a><\/li><li><a href=\"?livro=56&#038;cap=1\" class=\"\">Tito<\/a><\/li><li><a href=\"?livro=57&#038;cap=1\" class=\"\">Filemom<\/a><\/li><li><a href=\"?livro=58&#038;cap=1\" class=\"\">Hebreus<\/a><\/li><li><a href=\"?livro=59&#038;cap=1\" class=\"\">Tiago<\/a><\/li><li><a href=\"?livro=60&#038;cap=1\" class=\"\">1 Pedro<\/a><\/li><li><a href=\"?livro=61&#038;cap=1\" class=\"\">2 Pedro<\/a><\/li><li><a href=\"?livro=62&#038;cap=1\" class=\"\">1 Jo\u00e3o<\/a><\/li><li><a href=\"?livro=63&#038;cap=1\" class=\"\">2 Jo\u00e3o<\/a><\/li><li><a href=\"?livro=64&#038;cap=1\" class=\"\">3 Jo\u00e3o<\/a><\/li><li><a href=\"?livro=65&#038;cap=1\" class=\"\">Judas<\/a><\/li><li><a href=\"?livro=66&#038;cap=1\" class=\"\">Apocalipse<\/a><\/li><\/ul><\/div><\/div><div class=\"biblia-conteudo\"><div class=\"biblia-cabecalho\"><h2>G\u00eanesis 1<\/h2><div class=\"biblia-navegacao\"> <a href=\"?livro=1&cap=2\">Pr\u00f3ximo \u00bb<\/a><\/div><\/div><div class=\"biblia-seletor-cap\"><label>Ir para o cap\u00edtulo:<\/label><select onchange=\"window.location.href=this.value;\"><option value=\"?livro=1&#038;cap=1\" selected>1<\/option><option value=\"?livro=1&#038;cap=2\">2<\/option><option value=\"?livro=1&#038;cap=3\">3<\/option><option value=\"?livro=1&#038;cap=4\">4<\/option><option value=\"?livro=1&#038;cap=5\">5<\/option><option value=\"?livro=1&#038;cap=6\">6<\/option><option value=\"?livro=1&#038;cap=7\">7<\/option><option value=\"?livro=1&#038;cap=8\">8<\/option><option value=\"?livro=1&#038;cap=9\">9<\/option><option value=\"?livro=1&#038;cap=10\">10<\/option><option value=\"?livro=1&#038;cap=11\">11<\/option><option value=\"?livro=1&#038;cap=12\">12<\/option><option value=\"?livro=1&#038;cap=13\">13<\/option><option value=\"?livro=1&#038;cap=14\">14<\/option><option value=\"?livro=1&#038;cap=15\">15<\/option><option value=\"?livro=1&#038;cap=16\">16<\/option><option value=\"?livro=1&#038;cap=17\">17<\/option><option value=\"?livro=1&#038;cap=18\">18<\/option><option value=\"?livro=1&#038;cap=19\">19<\/option><option value=\"?livro=1&#038;cap=20\">20<\/option><option value=\"?livro=1&#038;cap=21\">21<\/option><option value=\"?livro=1&#038;cap=22\">22<\/option><option value=\"?livro=1&#038;cap=23\">23<\/option><option value=\"?livro=1&#038;cap=24\">24<\/option><option value=\"?livro=1&#038;cap=25\">25<\/option><option value=\"?livro=1&#038;cap=26\">26<\/option><option value=\"?livro=1&#038;cap=27\">27<\/option><option value=\"?livro=1&#038;cap=28\">28<\/option><option value=\"?livro=1&#038;cap=29\">29<\/option><option value=\"?livro=1&#038;cap=30\">30<\/option><option value=\"?livro=1&#038;cap=31\">31<\/option><option value=\"?livro=1&#038;cap=32\">32<\/option><option value=\"?livro=1&#038;cap=33\">33<\/option><option value=\"?livro=1&#038;cap=34\">34<\/option><option value=\"?livro=1&#038;cap=35\">35<\/option><option value=\"?livro=1&#038;cap=36\">36<\/option><option value=\"?livro=1&#038;cap=37\">37<\/option><option value=\"?livro=1&#038;cap=38\">38<\/option><option value=\"?livro=1&#038;cap=39\">39<\/option><option value=\"?livro=1&#038;cap=40\">40<\/option><option value=\"?livro=1&#038;cap=41\">41<\/option><option value=\"?livro=1&#038;cap=42\">42<\/option><option value=\"?livro=1&#038;cap=43\">43<\/option><option value=\"?livro=1&#038;cap=44\">44<\/option><option value=\"?livro=1&#038;cap=45\">45<\/option><option value=\"?livro=1&#038;cap=46\">46<\/option><option value=\"?livro=1&#038;cap=47\">47<\/option><option value=\"?livro=1&#038;cap=48\">48<\/option><option value=\"?livro=1&#038;cap=49\">49<\/option><option value=\"?livro=1&#038;cap=50\">50<\/option><\/select><\/div><div class=\"versiculo\"><div class=\"versiculo-num\">1<\/div><div class=\"versiculo-texto\">NO princ\u00edpio criou Deus os c\u00e9us e a terra.<\/div><\/div><div class=\"versiculo\"><div class=\"versiculo-num\">2<\/div><div class=\"versiculo-texto\">E a terra era sem forma e vazia; e havia trevas sobre a face do abismo; e o Esp\u00edrito de Deus se movia sobre a face das \u00e1guas.<\/div><\/div><div class=\"versiculo\"><div class=\"versiculo-num\">3<\/div><div class=\"versiculo-texto\">E disse Deus: Haja luz; e houve luz.<\/div><\/div><div class=\"versiculo\"><div class=\"versiculo-num\">4<\/div><div class=\"versiculo-texto\">E viu Deus que era boa a luz; e fez Deus separa\u00e7\u00e3o entre a luz e as trevas.<\/div><\/div><div class=\"versiculo\"><div class=\"versiculo-num\">5<\/div><div class=\"versiculo-texto\">E Deus chamou \u00e0 luz Dia; e \u00e0s trevas chamou Noite. E foi a tarde e a manh\u00e3, o dia primeiro.<\/div><\/div><div class=\"versiculo\"><div class=\"versiculo-num\">6<\/div><div class=\"versiculo-texto\">E disse Deus: Haja uma expans\u00e3o no meio das \u00e1guas, e haja separa\u00e7\u00e3o entre \u00e1guas e \u00e1guas.<\/div><\/div><div class=\"versiculo\"><div class=\"versiculo-num\">7<\/div><div class=\"versiculo-texto\">E fez Deus a expans\u00e3o, e fez separa\u00e7\u00e3o entre as \u00e1guas que estavam debaixo da expans\u00e3o e as \u00e1guas que estavam sobre a expans\u00e3o; e assim foi.<\/div><\/div><div class=\"versiculo\"><div class=\"versiculo-num\">8<\/div><div class=\"versiculo-texto\">E chamou Deus \u00e0 expans\u00e3o C\u00e9us, e foi a tarde e a manh\u00e3, o dia segundo.<\/div><\/div><div class=\"versiculo\"><div class=\"versiculo-num\">9<\/div><div class=\"versiculo-texto\">E disse Deus: Ajuntem-se as \u00e1guas debaixo dos c\u00e9us num lugar; e apare\u00e7a a por\u00e7\u00e3o seca; e assim foi.<\/div><\/div><div class=\"versiculo\"><div class=\"versiculo-num\">10<\/div><div class=\"versiculo-texto\">E chamou Deus \u00e0 por\u00e7\u00e3o seca Terra; e ao ajuntamento das \u00e1guas chamou Mares; e viu Deus que era bom.<\/div><\/div><div class=\"versiculo\"><div class=\"versiculo-num\">11<\/div><div class=\"versiculo-texto\">E disse Deus: Produza a terra erva verde, erva que d\u00ea semente, \u00e1rvore frut\u00edfera que d\u00ea fruto segundo a sua esp\u00e9cie, cuja semente est\u00e1 nela sobre a terra; e assim foi.<\/div><\/div><div class=\"versiculo\"><div class=\"versiculo-num\">12<\/div><div class=\"versiculo-texto\">E a terra produziu erva, erva dando semente conforme a sua esp\u00e9cie, e a \u00e1rvore frut\u00edfera, cuja semente est\u00e1 nela conforme a sua esp\u00e9cie; e viu Deus que era bom.<\/div><\/div><div class=\"versiculo\"><div class=\"versiculo-num\">13<\/div><div class=\"versiculo-texto\">E foi a tarde e a manh\u00e3, o dia terceiro.<\/div><\/div><div class=\"versiculo\"><div class=\"versiculo-num\">14<\/div><div class=\"versiculo-texto\">E disse Deus: Haja luminares na expans\u00e3o dos c\u00e9us, para haver separa\u00e7\u00e3o entre o dia e a noite; e sejam eles para sinais e para tempos determinados e para dias e anos.<\/div><\/div><div class=\"versiculo\"><div class=\"versiculo-num\">15<\/div><div class=\"versiculo-texto\">E sejam para luminares na expans\u00e3o dos c\u00e9us, para iluminar a terra; e assim foi.<\/div><\/div><div class=\"versiculo\"><div class=\"versiculo-num\">16<\/div><div class=\"versiculo-texto\">E fez Deus os dois grandes luminares: o luminar maior para governar o dia, e o luminar menor para governar a noite; e fez as estrelas.<\/div><\/div><div class=\"versiculo\"><div class=\"versiculo-num\">17<\/div><div class=\"versiculo-texto\">E Deus os p\u00f4s na expans\u00e3o dos c\u00e9us para iluminar a terra,<\/div><\/div><div class=\"versiculo\"><div class=\"versiculo-num\">18<\/div><div class=\"versiculo-texto\">E para governar o dia e a noite, e para fazer separa\u00e7\u00e3o entre a luz e as trevas; e viu Deus que era bom.<\/div><\/div><div class=\"versiculo\"><div class=\"versiculo-num\">19<\/div><div class=\"versiculo-texto\">E foi a tarde e a manh\u00e3, o dia quarto.<\/div><\/div><div class=\"versiculo\"><div class=\"versiculo-num\">20<\/div><div class=\"versiculo-texto\">E disse Deus: Produzam as \u00e1guas abundantemente r\u00e9pteis de alma vivente; e voem as aves sobre a face da expans\u00e3o dos c\u00e9us.<\/div><\/div><div class=\"versiculo\"><div class=\"versiculo-num\">21<\/div><div class=\"versiculo-texto\">E Deus criou as grandes baleias, e todo o r\u00e9ptil de alma vivente que as \u00e1guas abundantemente produziram conforme as suas esp\u00e9cies; e toda a ave de asas conforme a sua esp\u00e9cie; e viu Deus que era bom.<\/div><\/div><div class=\"versiculo\"><div class=\"versiculo-num\">22<\/div><div class=\"versiculo-texto\">E Deus os aben\u00e7oou, dizendo: Frutificai e multiplicai-vos, e enchei as \u00e1guas nos mares; e as aves se multipliquem na terra.<\/div><\/div><div class=\"versiculo\"><div class=\"versiculo-num\">23<\/div><div class=\"versiculo-texto\">E foi a tarde e a manh\u00e3, o dia quinto.<\/div><\/div><div class=\"versiculo\"><div class=\"versiculo-num\">24<\/div><div class=\"versiculo-texto\">E disse Deus: Produza a terra alma vivente conforme a sua esp\u00e9cie; gado, e r\u00e9pteis e feras da terra conforme a sua esp\u00e9cie; e assim foi.<\/div><\/div><div class=\"versiculo\"><div class=\"versiculo-num\">25<\/div><div class=\"versiculo-texto\">E fez Deus as feras da terra conforme a sua esp\u00e9cie, e o gado conforme a sua esp\u00e9cie, e todo o r\u00e9ptil da terra conforme a sua esp\u00e9cie; e viu Deus que era bom.<\/div><\/div><div class=\"versiculo\"><div class=\"versiculo-num\">26<\/div><div class=\"versiculo-texto\">E disse Deus: Fa\u00e7amos o homem \u00e0 nossa imagem, conforme a nossa semelhan\u00e7a; e domine sobre os peixes do mar, e sobre as aves dos c\u00e9us, e sobre o gado, e sobre toda a terra, e sobre todo o r\u00e9ptil que se move sobre a terra.<\/div><\/div><div class=\"versiculo\"><div class=\"versiculo-num\">27<\/div><div class=\"versiculo-texto\">E criou Deus o homem \u00e0 sua imagem; \u00e0 imagem de Deus o criou; homem e mulher os criou.<\/div><\/div><div class=\"versiculo\"><div class=\"versiculo-num\">28<\/div><div class=\"versiculo-texto\">E Deus os aben\u00e7oou, e Deus lhes disse: Frutificai e multiplicai-vos, e enchei a terra, e sujeitai-a; e dominai sobre os peixes do mar e sobre as aves dos c\u00e9us, e sobre todo o animal que se move sobre a terra.<\/div><\/div><div class=\"versiculo\"><div class=\"versiculo-num\">29<\/div><div class=\"versiculo-texto\">E disse Deus: Eis que vos tenho dado toda a erva que d\u00ea semente, que est\u00e1 sobre a face de toda a terra; e toda a \u00e1rvore, em que h\u00e1 fruto que d\u00ea semente, ser-vos-\u00e1 para mantimento.<\/div><\/div><div class=\"versiculo\"><div class=\"versiculo-num\">30<\/div><div class=\"versiculo-texto\">E a todo o animal da terra, e a toda a ave dos c\u00e9us, e a todo o r\u00e9ptil da terra, em que h\u00e1 alma vivente, toda a erva verde ser\u00e1 para mantimento; e assim foi.<\/div><\/div><div class=\"versiculo\"><div class=\"versiculo-num\">31<\/div><div class=\"versiculo-texto\">E viu Deus tudo quanto tinha feito, e eis que era muito bom; e foi a tarde e a manh\u00e3, o dia sexto.<\/div><\/div><\/div><\/div><div class=\"biblia-overlay\" onclick=\"toggleBibliaMenu()\"><\/div><\/div><\/div>\n\t\t\t\t\t\t<\/div>\n\t\t\t\t<\/div>\n\t\t\t\t\t<\/div>\n\t\t\t\t<\/div>\n\t\t\t\t<\/div>\n\t\t","protected":false},"excerpt":{"rendered":"","protected":false},"author":1,"featured_media":0,"parent":0,"menu_order":0,"comment_status":"closed","ping_status":"closed","template":"","meta":{"footnotes":""},"class_list":["post-2047","page","type-page","status-publish","hentry"],"acf":[],"_links":{"self":[{"href":"https:\/\/fabricadescripts.com.br\/igrejas\/IGRE3535\/wp-json\/wp\/v2\/pages\/2047","targetHints":{"allow":["GET"]}}],"collection":[{"href":"https:\/\/fabricadescripts.com.br\/igrejas\/IGRE3535\/wp-json\/wp\/v2\/pages"}],"about":[{"href":"https:\/\/fabricadescripts.com.br\/igrejas\/IGRE3535\/wp-json\/wp\/v2\/types\/page"}],"author":[{"embeddable":true,"href":"https:\/\/fabricadescripts.com.br\/igrejas\/IGRE3535\/wp-json\/wp\/v2\/users\/1"}],"replies":[{"embeddable":true,"href":"https:\/\/fabricadescripts.com.br\/igrejas\/IGRE3535\/wp-json\/wp\/v2\/comments?post=2047"}],"version-history":[{"count":6,"href":"https:\/\/fabricadescripts.com.br\/igrejas\/IGRE3535\/wp-json\/wp\/v2\/pages\/2047\/revisions"}],"predecessor-version":[{"id":10412,"href":"https:\/\/fabricadescripts.com.br\/igrejas\/IGRE3535\/wp-json\/wp\/v2\/pages\/2047\/revisions\/10412"}],"wp:attachment":[{"href":"https:\/\/fabricadescripts.com.br\/igrejas\/IGRE3535\/wp-json\/wp\/v2\/media?parent=2047"}],"curies":[{"name":"wp","href":"https:\/\/api.w.org\/{rel}","templated":true}]}}